{"id":187,"date":"2025-05-27T12:38:16","date_gmt":"2025-05-27T09:38:16","guid":{"rendered":"https:\/\/www.ravintolahilda.fi\/?page_id=187"},"modified":"2026-05-10T19:21:27","modified_gmt":"2026-05-10T16:21:27","slug":"lounas","status":"publish","type":"page","link":"https:\/\/www.ravintolahilda.fi\/?page_id=187","title":{"rendered":"Lounas"},"content":{"rendered":"\n<p class=\"has-text-align-center\">Tarjoillaan ma-pe 10.30-14.00 la 11.00-14.00<br>Lounaan hinta ma-pe 12.50 \u20ac ja lauantaisin 13.00 \u20ac<br>El\u00e4kel\u00e4isille ja opiskelijoille 10 % alennus<br>Kaikki lounaat sis\u00e4lt\u00e4v\u00e4t runsaan salaattip\u00f6yd\u00e4n, leip\u00e4\u00e4 ja juoman<\/p>\n\n\n\n<p><\/p>\n\n\n\n<h2 class=\"wp-block-heading has-text-align-center\">VIIKON LOUNASPIZZA MA-PE 13.00 \u20ac<\/h2>\n\n\n\n<p class=\"has-text-align-center\">ananas, pepperoni ja jauheliha<\/p>\n\n\n\n<div class=\"wp-block-group is-layout-grid wp-container-core-group-is-layout-9 wp-block-group-is-layout-grid\" style=\"padding-top:var(--wp--preset--spacing--50);padding-bottom:var(--wp--preset--spacing--50)\">\n<div class=\"wp-block-group has-global-padding is-content-justification-center is-layout-constrained wp-block-group-is-layout-constrained\">\n<div class=\"wp-block-group has-global-padding is-layout-constrained wp-block-group-is-layout-constrained\">\n<h2 class=\"wp-block-heading has-text-align-center\">Maanantai 11.5<\/h2>\n\n\n\n<p class=\"has-text-align-center\">Texmex-jauhelihamureke L, G<br>Perunat L, G<br>Sitruskiisseli L<\/p>\n\n\n\n<p class=\"has-text-align-center\"><\/p>\n\n\n\n<p class=\"has-text-align-center\"><\/p>\n<\/div>\n\n\n\n<div class=\"wp-block-group has-global-padding is-layout-constrained wp-block-group-is-layout-constrained\">\n<h2 class=\"wp-block-heading has-text-align-center\">Tiistai 12.5<\/h2>\n\n\n\n<p class=\"has-text-align-center\">Pekoni-possupata L, G<br>Perunat L, G<br>J\u00e4lkk\u00e4ri L, G<\/p>\n\n\n\n<p class=\"has-text-align-center\"><\/p>\n\n\n\n<p class=\"has-text-align-center\"><\/p>\n\n\n\n<p class=\"has-text-align-center\"><\/p>\n<\/div>\n\n\n\n<div class=\"wp-block-group has-global-padding is-layout-constrained wp-block-group-is-layout-constrained\">\n<h2 class=\"wp-block-heading has-text-align-center\">Keskiviikko 13.5<\/h2>\n\n\n\n<p class=\"has-text-align-center\">Porsaanleike L<br>(Pyydett\u00e4ess\u00e4 G)<br>Mets\u00e4st\u00e4j\u00e4nkastike L, G<br>Perunat L, G<br>J\u00e4lkk\u00e4ri L, G<\/p>\n\n\n\n<p class=\"has-text-align-center\"><\/p>\n\n\n\n<p class=\"has-text-align-center\"><\/p>\n\n\n\n<p class=\"has-text-align-center\"><\/p>\n\n\n\n<p class=\"has-text-align-center\"><\/p>\n\n\n\n<p class=\"has-text-align-center\"><\/p>\n\n\n\n<p class=\"has-text-align-center\"><\/p>\n\n\n\n<p class=\"has-text-align-center\"><\/p>\n\n\n\n<p class=\"has-text-align-center\"><\/p>\n\n\n\n<p class=\"has-text-align-center\"><\/p>\n\n\n\n<p class=\"has-text-align-center\"><\/p>\n\n\n\n<p class=\"has-text-align-center\"><\/p>\n<\/div>\n<\/div>\n\n\n\n<div class=\"wp-block-group has-global-padding is-layout-constrained wp-block-group-is-layout-constrained\">\n<div class=\"wp-block-group has-global-padding is-layout-constrained wp-block-group-is-layout-constrained\">\n<h2 class=\"wp-block-heading has-text-align-center\">Torstai 14.5<\/h2>\n\n\n\n<p class=\"has-text-align-center\">Ei lounasta<\/p>\n\n\n\n<p class=\"has-text-align-center\"><\/p>\n\n\n\n<p class=\"has-text-align-center\"><\/p>\n\n\n\n<p class=\"has-text-align-center\"><\/p>\n<\/div>\n\n\n\n<div class=\"wp-block-group has-global-padding is-layout-constrained wp-block-group-is-layout-constrained\">\n<h2 class=\"wp-block-heading has-text-align-center\">Perjantai 15.5<\/h2>\n\n\n\n<p class=\"has-text-align-center\">Pizzaperjantai L<br>(Pyydett\u00e4ess\u00e4 G)<\/p>\n\n\n\n<p class=\"has-text-align-center\"><\/p>\n\n\n\n<p class=\"has-text-align-center\"><\/p>\n\n\n\n<p class=\"has-text-align-center\"><\/p>\n\n\n\n<p class=\"has-text-align-center\"><\/p>\n<\/div>\n\n\n\n<div class=\"wp-block-group has-global-padding is-layout-constrained wp-block-group-is-layout-constrained\">\n<h2 class=\"wp-block-heading has-text-align-center\">Lauantai 16.5<\/h2>\n\n\n\n<p class=\"has-text-align-center\">Porsaanleike L<br>(Pyydett\u00e4ess\u00e4 G)<br>Kermaperunat L, G<br>J\u00e4lkk\u00e4ri L, G<\/p>\n\n\n\n<p class=\"has-text-align-center\"><\/p>\n\n\n\n<p class=\"has-text-align-center\"><\/p>\n\n\n\n<p class=\"has-text-align-center\"><\/p>\n\n\n\n<p class=\"has-text-align-center\"><\/p>\n\n\n\n<p class=\"has-text-align-center\"><\/p>\n\n\n\n<p class=\"has-text-align-center\"><\/p>\n\n\n\n<p class=\"has-text-align-center\"><\/p>\n\n\n\n<p class=\"has-text-align-center\"><\/p>\n\n\n\n<p class=\"has-text-align-center\"><\/p>\n\n\n\n<p class=\"has-text-align-center\"><\/p>\n\n\n\n<p class=\"has-text-align-center\"><\/p>\n\n\n\n<p class=\"has-text-align-center\"><\/p>\n<\/div>\n<\/div>\n<\/div>\n\n\n\n<div class=\"wp-block-group alignwide has-global-padding is-layout-constrained wp-block-group-is-layout-constrained\">\n<p class=\"has-text-align-center\">L=Laktoositon G=Gluteeniton<\/p>\n\n\n\n<p class=\"has-text-align-center\">Lis\u00e4tietoa allergeeneista saa henkil\u00f6kunnalta<\/p>\n<\/div>\n\n\n\n<p><\/p>\n","protected":false},"excerpt":{"rendered":"<p>Tarjoillaan ma-pe 10.30-14.00 la 11.00-14.00Lounaan hinta ma-pe 12.50 \u20ac ja lauantaisin 13.00 \u20acEl\u00e4kel\u00e4isille ja opiskelijoille 10 % alennusKaikki lounaat sis\u00e4lt\u00e4v\u00e4t runsaan salaattip\u00f6yd\u00e4n, leip\u00e4\u00e4 ja juoman VIIKON LOUNASPIZZA MA-PE 13.00 \u20ac ananas, pepperoni ja jauheliha Maanantai 11.5 Texmex-jauhelihamureke L, GPerunat L, GSitruskiisseli L Tiistai 12.5 Pekoni-possupata L, GPerunat L, GJ\u00e4lkk\u00e4ri L, G Keskiviikko 13.5 Porsaanleike L(Pyydett\u00e4ess\u00e4 [&hellip;]<\/p>\n","protected":false},"author":1,"featured_media":0,"parent":0,"menu_order":0,"comment_status":"closed","ping_status":"closed","template":"","meta":{"footnotes":""},"class_list":["post-187","page","type-page","status-publish","hentry"],"_links":{"self":[{"href":"https:\/\/www.ravintolahilda.fi\/index.php?rest_route=\/wp\/v2\/pages\/187","targetHints":{"allow":["GET"]}}],"collection":[{"href":"https:\/\/www.ravintolahilda.fi\/index.php?rest_route=\/wp\/v2\/pages"}],"about":[{"href":"https:\/\/www.ravintolahilda.fi\/index.php?rest_route=\/wp\/v2\/types\/page"}],"author":[{"embeddable":true,"href":"https:\/\/www.ravintolahilda.fi\/index.php?rest_route=\/wp\/v2\/users\/1"}],"replies":[{"embeddable":true,"href":"https:\/\/www.ravintolahilda.fi\/index.php?rest_route=%2Fwp%2Fv2%2Fcomments&post=187"}],"version-history":[{"count":55,"href":"https:\/\/www.ravintolahilda.fi\/index.php?rest_route=\/wp\/v2\/pages\/187\/revisions"}],"predecessor-version":[{"id":470,"href":"https:\/\/www.ravintolahilda.fi\/index.php?rest_route=\/wp\/v2\/pages\/187\/revisions\/470"}],"wp:attachment":[{"href":"https:\/\/www.ravintolahilda.fi\/index.php?rest_route=%2Fwp%2Fv2%2Fmedia&parent=187"}],"curies":[{"name":"wp","href":"https:\/\/api.w.org\/{rel}","templated":true}]}}